 of ((6 - 2) + (0 - 0))/2?
2
Let h(r) = r**2 - 4*r - 6. Let a be h(7). Suppose -j + 21 = -3*s - a, -3*s - 5*j = 18. Let f = 20 + s. What is the units digit of f?
9
Suppose 8*h = 5*h + 69. What is the tens digit of h?
2
Let z(j) = j**2 - 2*j + 8. What is the tens digit of z(3)?
1
What is the tens digit of (-252)/8*((-55)/15 + 1)?
8
Suppose 0*z = -z. Suppose z = -0*m + 2*m - 6. What is the units digit of m?
3
Suppose 2*l + 4*j = 12, -l - 3*j + 9 = 4*l. Suppose 0 = -3*c - 0 - 9. Let w = l - c. What is the units digit of w?
3
Let c = -6 + 8. Suppose -b = -c*b. Suppose 5*s - s - 4*l - 32 = 0, b = 3*l + 3. What is the units digit of s?
7
Suppose 5*q = 2*q + 12. Suppose 8 + 8 = q*p. What is the units digit of p?
4
Let f(b) = 3 + 2 - b**3 - 4 + 3*b**2 - b. Let g be f(2). Suppose -4 + 7 = g*d. What is the units digit of d?
1
Let y(w) = -w + 1. Let c(u) = 4*u - 9. Let t(r) = 3*c(r) + 6*y(r). What is the units digit of t(9)?
3
Suppose -181 = -5*b - 16. What is the units digit of b?
3
Suppose l + 8 + 8 = -5*b, 2*b = -6. Let w(d) = -2*d**3 + 2*d + 1. What is the units digit of w(l)?
1
Suppose -50 = -0*n - 5*n. Suppose -96 = -n*h + 7*h. Suppose -2*u = -4*u + h. What is the units digit of u?
6
Let i = -98 - -160. What is the tens digit of i?
6
Let o(s) = 4*s**2 + 3*s. What is the tens digit of o(-6)?
2
Let i = 16 - 5. Let c be 2/11 + (-2)/i. Suppose 4*x = -c*d + 5*d + 7, 3*x = -4*d + 13. What is the units digit of d?
1
Let v(w) = w**2 - 3*w - 2. Let h be v(4). Suppose 0 = y - h*y + 1. Suppose y = -2*m + 5. What is the units digit of m?
2
Let a = 9 + -11. Let d be -3*((-16)/(-6))/a. Suppose -d*v + 65 = -3. What is the tens digit of v?
1
Suppose -r - 5 = 2*t, 2*t = -5*r - 19 - 6. Suppose 70 = 3*k + f, t = 4*k - 0*f + 5*f - 86. What is the tens digit of k?
2
Let l be 3*1/(-4)*-4. Let k be 3*(-6)/(-9) + l. Suppose k*s + 15 = 5*g - 2*g, 0 = 4*s. What is the units digit of g?
5
Let i = -39 + 59. What is the tens digit of i?
2
Let s(c) = 5*c - 1. Let q be s(-1). Let g(d) = d + 5. Let l(i) = 3*i + 14. Let v(m) = 17*g(m) - 6*l(m). What is the units digit of v(q)?
7
Let g(z) = -18*z**3 + 4*z**2 + 3*z - 2. What is the hundreds digit of g(-2)?
1
Let k(r) = -r**2 - r + 2. Let h be k(-5). What is the units digit of (-27)/h - (-58)/4?
6
Suppose 2*a = 5 - 1. Let j be a/(-1) + -2 + 14. Let n = j + -3. What is the units digit of n?
7
Suppose 4*s = -b - 3*b + 16, -b + 24 = 5*s. Suppose 3*t + 2*t + s*f - 15 = 0, 2*f - 9 = -3*t. Suppose -2*u - 1 = -t. What is the units digit of u?
1
Let z = -6 - -5. Let b be z/((-82)/40 + 2). What is the units digit of 3*-2*b/(-8)?
5
What is the tens digit of 52 + (-2 - (-3 + 1))/2?
5
Let a be 0 + -1 + (5 - 2). Suppose 2*i = -5*d + 10 + 2, -1 = -5*i + a*d. What is the units digit of i?
1
Let x = 140 - 29. Suppose 0 = -5*h - 31 + x. What is the units digit of h?
6
Suppose -2*s + 7 = 3*t - s, -s - 17 = -5*t. What is the units digit of t?
3
Let c be (-4)/6 + 17/3. Let s = -6 + 8. Suppose -p = 3*x - 21, -21 = -s*x + x - c*p. What is the units digit of x?
6
Let x(k) = -k**2 + 9*k + 3. What is the units digit of x(8)?
1
Suppose -k - 2*t + 42 = 4*k, 0 = 2*k - 3*t - 13. Suppose -k = 4*q - 28. What is the units digit of q?
5
Suppose -3*f = 4*r + 14, 2*f = -3*r + 2*r - 1. Suppose -f*y = -4*y + 18. Suppose -y = -2*u - 3. What is the units digit of u?
3
Suppose -30*t + 430 = -25*t. What is the tens digit of t?
8
Suppose 3*n - 1253 = -5*k, -2*n + 255 = k + 3*n. What is the tens digit of k?
5
Let y = -79 + 153. What is the units digit of y?
4
What is the units digit of (-13 - -1)*55/(-20)?
3
Let j(n) = -n**2 + 9*n + 7. Let r be j(9). Let f(x) = x**2 - 6*x - 6. What is the units digit of f(r)?
1
Let d = -6 + 10. Suppose 0*y = d*y - 36. What is the units digit of y?
9
Let u(z) = -z. Let y be u(0). Suppose y = 4*f - s - 17, 2*f + 2*s - 5 = 1. What is the units digit of f?
4
Suppose -4*g = -f - 16 - 16, -f = 3*g - 31. What is the units digit of g?
9
Let p(i) = i - 5. Let b be p(-4). Let o be 2/b - (-1430)/(-45). Let v = -21 - o. What is the units digit of v?
1
Let y(d) = -d**2 + 6*d - 8. Let i be y(4). Let k = i - -7. What is the units digit of k?
7
Let l(z) = 15*z - 1. What is the tens digit of l(2)?
2
Let t be 4*-1*(-3)/6. Suppose -t*c = -117 + 27. Suppose -2*l - l = -c. What is the tens digit of l?
1
Suppose 3*m = 2*m + 31. What is the units digit of m?
1
Let a(d) = 0 + 2*d**2 + 3 - d - 1 - d**3 + 3*d**2. What is the units digit of a(3)?
7
Let c be ((-8)/12)/(2/21). Let n(h) = -h - 5. What is the units digit of n(c)?
2
Let p = 182 - 90. What is the tens digit of p?
9
Let x(u) = 13*u**2 - 4*u + 24. Let i(b) = 3*b**2 - b + 6. Let z(r) = 9*i(r) - 2*x(r). What is the units digit of z(0)?
6
Let c be ((-1)/(-2))/(3/24). Let k be 2/(-4)*(3 + -3). Suppose -s - 10 = -5*a, -a + k*a - c = s. What is the units digit of a?
1
Let h(w) = -15 + w**3 + 11 + 7*w**2 + 11. What is the tens digit of h(-6)?
4
Let b = 130 - 90. Suppose 0 = a + 4*a + b. Let v = 12 + a. What is the units digit of v?
4
Let q = -4 - -4. Suppose q*f = -4*f. Suppose f = 4*t - 0*t - 24. What is the units digit of t?
6
Suppose 0*v - 5*v = -25. Suppose 3*l = v*l + 8, 0 = 5*r - l - 64. What is the tens digit of r?
1
What is the tens digit of ((-418)/33)/((-5)/(45/2))?
5
Suppose 5*s - 19 = -3*x, -3*x - s - 2*s = -9. Let g(z) = -z**3 - 2*z**2 - 3*z. What is the units digit of g(x)?
6
Let p = -11 - -19. What is the units digit of -16*2/(p/(-3))?
2
Let b(s) = s**3 - 7*s**2 + 6*s + 7. Let m(p) = p**2 - 6*p + 5. Let u be m(6). Let f = 1 + u. What is the units digit of b(f)?
7
Let b be (8/3)/((-4)/(-6)). Suppose 4*v - 8 = b*q, -5*q = 7 - 2. What is the units digit of v?
1
Let f = 4 - 4. Let t = f - -2. What is the units digit of t?
2
Suppose 2*t = -29 + 93. What is the units digit of t?
2
Let x = -5 - -8. Let a = x + 1. Suppose 9 = a*g - v, -3*g = -v + 2*v + 2. What is the units digit of g?
1
Suppose 3*z - 5*z + i = -29, -4*z = 3*i - 73. What is the tens digit of z?
1
Let s(l) = -5*l**3 - 10*l**2 + 8. Let j(o) = -6*o**3 - 11*o**2 + o + 9. Let m(h) = 4*j(h) - 5*s(h). What is the units digit of m(-5)?
1
Let p be 1/(-3) + (-450)/27. Let u = p - -26. What is the units digit of u?
9
Let m(k) = 53*k**2 - k + 4. What is the tens digit of m(2)?
1
What is the tens digit of 6/(-10)*(-315)/3?
6
Let p(h) = 49*h**2 + 1. Let k be p(-1). Let l be k/1*4/10. Suppose -2*r = 2*v - l, -4*v - v + 36 = 3*r. What is the units digit of r?
7
Suppose 0*s + 3*s = 24. What is the units digit of s?
8
Let g(q) = -4*q - 1. Suppose -3*x + 4*l + 5 - 15 = 0, -2*x + 5*l = 2. What is the units digit of g(x)?
3
Let i be 2/(-4)*(-6)/1. What is the tens digit of 1/2*12*i?
1
Let l = 11 - 10. Let o be -1 + 16/l + 3. Let j = o + -13. What is the units digit of j?
5
Suppose -4*g - 10 = 2*v - 0, 5*v + g - 20 = 0. Suppose -f - v*f = -132. What is the units digit of f?
2
Let i be 10/(-15) + (-46)/(-6). Let u be 1/3 - (-212)/(-6). What is the units digit of 10/u - (-51)/i?
7
Let v = -1 - 4. Let i be 10 + v/(15/(-6)). Suppose -4*y - 2*m = -24, 2*y - 4*m - i = -0*y. What is the units digit of y?
6
Let d = -297 + 586. What is the hundreds digit of d?
2
Let v(t) = t**3 + 6*t**2 + 5*t + 7. Let r be v(-5). Let d = r - 6. What is the units digit of 12 - (-4)/((-2)/d)?
0
Let b be ((-1)/(-3))/(10/330). Let q be 3/((-15)/(-2))*5. Let r = q + b. What is the units digit of r?
3
Suppose -5*z + 177 = -398. What is the hundreds digit of z?
1
Let m be (2 - (-12)/(-4)) + -6. Let h = m - -37. What is the tens digit of h?
3
Let y(a) = -a**3 + 8*a**2 - 9*a + 4. Let k = -10 - -16. What is the units digit of y(k)?
2
Let b(p) = p**3 + 6*p**2 + 8*p + 3. What is the units digit of b(-3)?
6
Let h be -14*1 + (-2)/2. Let m = 27 + h. What is the units digit of m?
2
Let i(d) = d**2 - 4*d + 5. Let j be i(5). What is the units digit of -1 + (-2 + j - 1)?
6
Let a(o) = o**2 - 2*o + 16*o - 3*o + 2 + 8. What is the units digit of a(-11)?
0
Let d = 20 - 0. Suppose -11 - d = -m. What is the tens digit of m?
3
Let l(o) = 4*o**2 - o + 4. What is the tens digit of l(-3)?
4
Let h(d) = d**3 + 8*d**2 - d - 6. Let g be h(-8). Let u be 1*g*78/12. What is the units digit of u/3 - (-2)/3?
5
Let i = 17 - 24. Let t(f) = -f**2 - 8*f + 7. Let a be t(-7). Let x = i + a. What is the units digit of x?
7
Let i(a